{"id":72,"date":"2024-09-07T12:54:19","date_gmt":"2024-09-07T12:54:19","guid":{"rendered":"https:\/\/nichtnur.com\/?page_id=72"},"modified":"2026-03-12T09:18:59","modified_gmt":"2026-03-12T09:18:59","slug":"fenstercafe-kirchstrasse-3-gottlieben","status":"publish","type":"page","link":"https:\/\/nichtnur.com\/","title":{"rendered":"nichtnur FENSTERCAF\u00c9"},"content":{"rendered":"\n<p id=\"Caf\u00e9\" style=\"font-size:0px\"><!-- Google tag (gtag.js) --><br><script async=\"\" src=\"https:\/\/www.googletagmanager.com\/gtag\/js?id=G-KH5MWVK2QB\"><\/script><br><script><br \/>\n  window.dataLayer = window.dataLayer || [];<br \/>\n  function gtag(){dataLayer.push(arguments);}<br \/>\n  gtag('js', new Date());<\/p>\n<p>  gtag('config', 'G-KH5MWVK2QB');<br \/>\n<\/script><br><!-- Google Tag Manager --><br><script>(function(w,d,s,l,i){w[l]=w[l]||[];w[l].push({'gtm.start':<br \/>\nnew Date().getTime(),event:'gtm.js'});var f=d.getElementsByTagName(s)[0],<br \/>\nj=d.createElement(s),dl=l!='dataLayer'?'&l='+l:'';j.async=true;j.src=<br \/>\n'https:\/\/www.googletagmanager.com\/gtm.js?id='+i+dl;f.parentNode.insertBefore(j,f);<br \/>\n})(window,document,'script','dataLayer','GTM-KBX6PGHS');<\/script><br><!-- End Google Tag Manager --><\/p>\n\n\n\n<div class=\"wp-block-group alignfull has-accent-4-background-color has-background is-vertical is-content-justification-center is-nowrap is-layout-flex wp-container-core-group-is-layout-2215816d wp-block-group-is-layout-flex\" style=\"min-height:100vh;margin-top:0;margin-bottom:0;padding-top:var(--wp--preset--spacing--50);padding-right:var(--wp--preset--spacing--50);padding-bottom:var(--wp--preset--spacing--50);padding-left:var(--wp--preset--spacing--50)\">\n<div class=\"wp-block-columns alignwide are-vertically-aligned-center is-layout-flex wp-container-core-columns-is-layout-47c06fe3 wp-block-columns-is-layout-flex\">\n<div class=\"wp-block-column is-vertically-aligned-center is-layout-flow wp-block-column-is-layout-flow\" style=\"flex-basis:55%\">\n<div class=\"wp-block-group is-layout-flow wp-container-core-group-is-layout-8f7ed23f wp-block-group-is-layout-flow\" style=\"min-height:100%;margin-top:0;margin-bottom:0;padding-right:0;padding-left:0\">\n<div class=\"wp-block-group is-vertical is-layout-flex wp-container-core-group-is-layout-a4f8cc12 wp-block-group-is-layout-flex\" style=\"padding-right:0;padding-left:0\">\n<h2 class=\"wp-block-heading\">MEXIKANISCHES SPEZIALIT\u00c4TEN-CAF\u00c9 &amp; MEHR&#8230;<\/h2>\n\n\n\n<p>Herzlich Willkommen bei uns, wo Mexico und die Schweiz auf einmal ganz nahe beieinander sind. <\/p>\n\n\n\n<p class=\"wp-container-content-0733e5d0\">Geniesse leckeren Spezialit\u00e4ten-Kaffee aus Mexico und frische Kuchen. Wir freuen uns auf deinen Besuch. Auch unser L\u00e4deli hat einiges zu bieten.<\/p>\n\n\n\n<p><a href=\"https:\/\/maps.app.goo.gl\/dp9LcQpUi1mCd2tj8\">Kirchstrasse 3, 8274 Gottlieben<\/a><\/p>\n\n\n\n<h2 class=\"wp-block-heading\"><a href=\"https:\/\/nichtnur.com\/index.php\/fenstercafe-kirchstrasse-3-gottlieben\/home\/\" data-type=\"page\" data-id=\"6\">Ab sofort gibt es unseren eigenen Spezialit\u00e4ten-Kaffee aus Mexico<\/a><\/h2>\n\n\n\n<figure class=\"wp-block-gallery has-nested-images columns-default is-cropped wp-block-gallery-1 is-layout-flex wp-block-gallery-is-layout-flex\">\n<figure class=\"wp-block-image size-large\"><img loading=\"lazy\" decoding=\"async\" width=\"576\" height=\"1024\" data-id=\"292\" src=\"https:\/\/nichtnur.com\/wp-content\/uploads\/2026\/02\/roesterei-576x1024.jpeg\" alt=\"\" class=\"wp-image-292\" srcset=\"https:\/\/nichtnur.com\/wp-content\/uploads\/2026\/02\/roesterei-576x1024.jpeg 576w, https:\/\/nichtnur.com\/wp-content\/uploads\/2026\/02\/roesterei-169x300.jpeg 169w, https:\/\/nichtnur.com\/wp-content\/uploads\/2026\/02\/roesterei-768x1365.jpeg 768w, https:\/\/nichtnur.com\/wp-content\/uploads\/2026\/02\/roesterei-864x1536.jpeg 864w, https:\/\/nichtnur.com\/wp-content\/uploads\/2026\/02\/roesterei.jpeg 900w\" sizes=\"auto, (max-width: 576px) 100vw, 576px\" \/><\/figure>\n\n\n\n<figure class=\"wp-block-image size-full\"><img loading=\"lazy\" decoding=\"async\" width=\"400\" height=\"711\" data-id=\"294\" src=\"https:\/\/nichtnur.com\/wp-content\/uploads\/2026\/02\/WhatsApp-Video-2026-02-06-at-14.40.42.gif\" alt=\"\" class=\"wp-image-294\"\/><\/figure>\n\n\n\n<figure class=\"wp-block-image size-large\"><img loading=\"lazy\" decoding=\"async\" width=\"576\" height=\"1024\" data-id=\"293\" src=\"https:\/\/nichtnur.com\/wp-content\/uploads\/2026\/02\/WhatsApp-Image-2026-02-06-at-14.38.47-576x1024.jpeg\" alt=\"\" class=\"wp-image-293\" srcset=\"https:\/\/nichtnur.com\/wp-content\/uploads\/2026\/02\/WhatsApp-Image-2026-02-06-at-14.38.47-576x1024.jpeg 576w, https:\/\/nichtnur.com\/wp-content\/uploads\/2026\/02\/WhatsApp-Image-2026-02-06-at-14.38.47-169x300.jpeg 169w, https:\/\/nichtnur.com\/wp-content\/uploads\/2026\/02\/WhatsApp-Image-2026-02-06-at-14.38.47-768x1365.jpeg 768w, https:\/\/nichtnur.com\/wp-content\/uploads\/2026\/02\/WhatsApp-Image-2026-02-06-at-14.38.47-864x1536.jpeg 864w, https:\/\/nichtnur.com\/wp-content\/uploads\/2026\/02\/WhatsApp-Image-2026-02-06-at-14.38.47.jpeg 900w\" sizes=\"auto, (max-width: 576px) 100vw, 576px\" \/><\/figure>\n<\/figure>\n\n\n\n<p><strong>Unsere \u00d6ffnungszeiten:<\/strong><\/p>\n\n\n\n<p>Donnerstag: 10:00Uhr &#8211; 18:00Uhr<br>Freitag: 10:00Uhr &#8211; 18:00Uhr<br>Samstag: 10:00Uhr &#8211; 18:00Uhr<br>Sonntag: 10:00Uhr &#8211; 18:00Uhr<\/p>\n\n\n\n<div class=\"wp-block-buttons is-layout-flex wp-block-buttons-is-layout-flex\">\n<div class=\"wp-block-button\"><a class=\"wp-block-button__link wp-element-button\" href=\"https:\/\/www.instagram.com\/nichtnur_\/\">unser Instagram<\/a><\/div>\n<\/div>\n<\/div>\n\n\n<div class=\"wp-block-site-logo\"><a href=\"https:\/\/nichtnur.com\/\" class=\"custom-logo-link\" rel=\"home\"><img loading=\"lazy\" decoding=\"async\" width=\"245\" height=\"182\" src=\"https:\/\/nichtnur.com\/wp-content\/uploads\/2023\/11\/Logo-nicht-nur-transparent-gross.png\" class=\"custom-logo\" alt=\"nichtnur FENSTERCAF\u00c9\" srcset=\"https:\/\/nichtnur.com\/wp-content\/uploads\/2023\/11\/Logo-nicht-nur-transparent-gross.png 5217w, https:\/\/nichtnur.com\/wp-content\/uploads\/2023\/11\/Logo-nicht-nur-transparent-gross-300x224.png 300w, https:\/\/nichtnur.com\/wp-content\/uploads\/2023\/11\/Logo-nicht-nur-transparent-gross-1024x763.png 1024w, https:\/\/nichtnur.com\/wp-content\/uploads\/2023\/11\/Logo-nicht-nur-transparent-gross-768x572.png 768w, https:\/\/nichtnur.com\/wp-content\/uploads\/2023\/11\/Logo-nicht-nur-transparent-gross-1536x1144.png 1536w, https:\/\/nichtnur.com\/wp-content\/uploads\/2023\/11\/Logo-nicht-nur-transparent-gross-2048x1526.png 2048w\" sizes=\"auto, (max-width: 245px) 100vw, 245px\" \/><\/a><\/div><\/div>\n<\/div>\n\n\n\n<div class=\"wp-block-column is-vertically-aligned-top is-layout-flow wp-block-column-is-layout-flow\" style=\"flex-basis:45%\">\n<figure class=\"wp-block-image size-large is-resized is-style-rounded is-style-rounded--2\"><img loading=\"lazy\" decoding=\"async\" width=\"768\" height=\"1024\" src=\"https:\/\/nichtnur.com\/wp-content\/uploads\/2024\/12\/IMG_9621-768x1024.jpg\" alt=\"\" class=\"wp-image-169\" style=\"object-fit:cover;width:310px;height:auto\" srcset=\"https:\/\/nichtnur.com\/wp-content\/uploads\/2024\/12\/IMG_9621-768x1024.jpg 768w, https:\/\/nichtnur.com\/wp-content\/uploads\/2024\/12\/IMG_9621-225x300.jpg 225w, https:\/\/nichtnur.com\/wp-content\/uploads\/2024\/12\/IMG_9621-1152x1536.jpg 1152w, https:\/\/nichtnur.com\/wp-content\/uploads\/2024\/12\/IMG_9621-1536x2048.jpg 1536w, https:\/\/nichtnur.com\/wp-content\/uploads\/2024\/12\/IMG_9621-scaled.jpg 1920w\" sizes=\"auto, (max-width: 768px) 100vw, 768px\" \/><\/figure>\n\n\n\n<figure class=\"wp-block-image size-large is-resized is-style-rounded is-style-rounded--3\"><img loading=\"lazy\" decoding=\"async\" width=\"577\" height=\"1024\" src=\"https:\/\/nichtnur.com\/wp-content\/uploads\/2024\/12\/IMG_0121-577x1024.jpg\" alt=\"\" class=\"wp-image-170\" style=\"aspect-ratio:0.75;object-fit:cover;width:309px;height:auto\" srcset=\"https:\/\/nichtnur.com\/wp-content\/uploads\/2024\/12\/IMG_0121-577x1024.jpg 577w, https:\/\/nichtnur.com\/wp-content\/uploads\/2024\/12\/IMG_0121-169x300.jpg 169w, https:\/\/nichtnur.com\/wp-content\/uploads\/2024\/12\/IMG_0121-768x1363.jpg 768w, https:\/\/nichtnur.com\/wp-content\/uploads\/2024\/12\/IMG_0121-865x1536.jpg 865w, https:\/\/nichtnur.com\/wp-content\/uploads\/2024\/12\/IMG_0121-1154x2048.jpg 1154w, https:\/\/nichtnur.com\/wp-content\/uploads\/2024\/12\/IMG_0121.jpg 1179w\" sizes=\"auto, (max-width: 577px) 100vw, 577px\" \/><\/figure>\n<\/div>\n<\/div>\n<\/div>\n\n\n\n<figure class=\"wp-block-gallery has-nested-images columns-3 is-cropped wp-block-gallery-4 is-layout-flex wp-block-gallery-is-layout-flex\">\n<figure class=\"wp-block-image size-large\"><img loading=\"lazy\" decoding=\"async\" width=\"768\" height=\"1024\" data-id=\"147\" src=\"https:\/\/nichtnur.com\/wp-content\/uploads\/2024\/09\/IMG_9012-768x1024.jpg\" alt=\"\" class=\"wp-image-147\" srcset=\"https:\/\/nichtnur.com\/wp-content\/uploads\/2024\/09\/IMG_9012-768x1024.jpg 768w, https:\/\/nichtnur.com\/wp-content\/uploads\/2024\/09\/IMG_9012-225x300.jpg 225w, https:\/\/nichtnur.com\/wp-content\/uploads\/2024\/09\/IMG_9012-1152x1536.jpg 1152w, https:\/\/nichtnur.com\/wp-content\/uploads\/2024\/09\/IMG_9012-1536x2048.jpg 1536w, https:\/\/nichtnur.com\/wp-content\/uploads\/2024\/09\/IMG_9012-scaled.jpg 1920w\" sizes=\"auto, (max-width: 768px) 100vw, 768px\" \/><\/figure>\n\n\n\n<figure class=\"wp-block-image size-large\"><img loading=\"lazy\" decoding=\"async\" width=\"768\" height=\"1024\" data-id=\"152\" src=\"https:\/\/nichtnur.com\/wp-content\/uploads\/2024\/09\/IMG_8782-768x1024.jpg\" alt=\"\" class=\"wp-image-152\" srcset=\"https:\/\/nichtnur.com\/wp-content\/uploads\/2024\/09\/IMG_8782-768x1024.jpg 768w, https:\/\/nichtnur.com\/wp-content\/uploads\/2024\/09\/IMG_8782-225x300.jpg 225w, https:\/\/nichtnur.com\/wp-content\/uploads\/2024\/09\/IMG_8782-1152x1536.jpg 1152w, https:\/\/nichtnur.com\/wp-content\/uploads\/2024\/09\/IMG_8782-1536x2048.jpg 1536w, https:\/\/nichtnur.com\/wp-content\/uploads\/2024\/09\/IMG_8782-scaled.jpg 1920w\" sizes=\"auto, (max-width: 768px) 100vw, 768px\" \/><\/figure>\n\n\n\n<figure class=\"wp-block-image size-large\"><img loading=\"lazy\" decoding=\"async\" width=\"768\" height=\"1024\" data-id=\"257\" src=\"https:\/\/nichtnur.com\/wp-content\/uploads\/2025\/05\/20250427_150837536_iOS-768x1024.jpg\" alt=\"\" class=\"wp-image-257\" srcset=\"https:\/\/nichtnur.com\/wp-content\/uploads\/2025\/05\/20250427_150837536_iOS-768x1024.jpg 768w, https:\/\/nichtnur.com\/wp-content\/uploads\/2025\/05\/20250427_150837536_iOS-225x300.jpg 225w, https:\/\/nichtnur.com\/wp-content\/uploads\/2025\/05\/20250427_150837536_iOS-1152x1536.jpg 1152w, https:\/\/nichtnur.com\/wp-content\/uploads\/2025\/05\/20250427_150837536_iOS-1536x2048.jpg 1536w, https:\/\/nichtnur.com\/wp-content\/uploads\/2025\/05\/20250427_150837536_iOS-scaled.jpg 1920w\" sizes=\"auto, (max-width: 768px) 100vw, 768px\" \/><\/figure>\n<\/figure>\n","protected":false},"excerpt":{"rendered":"<p>MEXIKANISCHES SPEZIALIT\u00c4TEN-CAF\u00c9 &amp; MEHR&#8230; Herzlich Willkommen bei uns, wo Mexico und die Schweiz auf einmal ganz nahe beieinander sind. Geniesse leckeren Spezialit\u00e4ten-Kaffee aus Mexico und frische Kuchen. Wir freuen uns auf deinen Besuch. Auch unser L\u00e4deli hat einiges zu bieten. Kirchstrasse 3, 8274 Gottlieben Ab sofort gibt es unseren eigenen Spezialit\u00e4ten-Kaffee aus Mexico Unsere \u00d6ffnungszeiten: [&hellip;]<\/p>\n","protected":false},"author":2,"featured_media":0,"parent":0,"menu_order":0,"comment_status":"closed","ping_status":"closed","template":"","meta":{"footnotes":""},"class_list":["post-72","page","type-page","status-publish","hentry"],"_links":{"self":[{"href":"https:\/\/nichtnur.com\/index.php\/wp-json\/wp\/v2\/pages\/72","targetHints":{"allow":["GET"]}}],"collection":[{"href":"https:\/\/nichtnur.com\/index.php\/wp-json\/wp\/v2\/pages"}],"about":[{"href":"https:\/\/nichtnur.com\/index.php\/wp-json\/wp\/v2\/types\/page"}],"author":[{"embeddable":true,"href":"https:\/\/nichtnur.com\/index.php\/wp-json\/wp\/v2\/users\/2"}],"replies":[{"embeddable":true,"href":"https:\/\/nichtnur.com\/index.php\/wp-json\/wp\/v2\/comments?post=72"}],"version-history":[{"count":49,"href":"https:\/\/nichtnur.com\/index.php\/wp-json\/wp\/v2\/pages\/72\/revisions"}],"predecessor-version":[{"id":303,"href":"https:\/\/nichtnur.com\/index.php\/wp-json\/wp\/v2\/pages\/72\/revisions\/303"}],"wp:attachment":[{"href":"https:\/\/nichtnur.com\/index.php\/wp-json\/wp\/v2\/media?parent=72"}],"curies":[{"name":"wp","href":"https:\/\/api.w.org\/{rel}","templated":true}]}}